 154. Suppose -2*f - 7 = 11. Let y = f + q. Is y a prime number?
False
Let o = -6 + 9. Suppose o*i + 2*i = -15. Is (i/(-6))/(1/982) a prime number?
True
Suppose 4*b = 3*b + 1527. Suppose q + 380 = f + 2*q, 4*f - b = 3*q. Let j = f + -250. Is j a prime number?
True
Let q(s) = 10*s**2 + 11*s - 22. Suppose -4*d + 4 = 48. Is q(d) a prime number?
False
Let c be 30/(-12)*4/(-5). Let i(h) = -35*h + 11. Let d(m) = -17*m + 6. Let a(y) = c*i(y) - 5*d(y). Is a(6) a composite number?
True
Suppose -5*p - 2*p + 73584 = 0. Suppose 0 = -4*c - 3*x - x + 21028, x - p = -2*c. Is c a prime number?
False
Suppose 0 = 5*w - 4*w - 3. Suppose -w*x - 3*m = -m - 1133, 0 = -3*m + 3. Is x a prime number?
False
Let k = -1103 + 1554. Is k prime?
False
Let q(b) = -b**3 + 8*b**2 + 10*b. Let u be ((-1)/(-2))/(3/54). Let y = -2 + u. Is q(y) composite?
True
Suppose j = 5*j + 16. Let f(o) = 8 - 3 - 46*o + 11*o. Is f(j) composite?
True
Let o(b) = -163*b - 5. Let u be o(-4). Suppose 6*z = 247 + u. Is z a composite number?
False
Suppose -5*r = -3*k - 16, 2*r + 2*r - 10 = k. Suppose c + 492 = 4*l + 177, 0 = r*l + 3*c - 161. Let v = 230 + l. Is v a prime number?
False
Let f be (-8)/(-20) + 54/(-10). Let b(u) = u**3 + 6*u**2 + 5*u + 2. Let z be b(f). Is (-3 - -2)/(z/(-446)) composite?
False
Let p(y) be the second derivative of -25*y**3/3 + 29*y**2/2 + 24*y. Is p(-16) prime?
True
Let i(t) = -t**3 - 9*t**2 - 6*t + 9. Is i(-11) prime?
True
Let g(f) be the first derivative of -f**4/4 + 5*f**3 - 10*f**2 - f - 5. Is g(9) a prime number?
False
Suppose -4*v - 2 = -5*v. Suppose 0*i + 2*i + 2 = u, u - 3*i - 3 = 0. Suppose u*g + 101 = 3*s + 4*g, -58 = -2*s + v*g. Is s a prime number?
True
Suppose 8932 = -2*l + 4*y, -3*y = -3*l + 7893 - 21282. Is (-2)/4*-4*l/(-8) a composite number?
True
Is (11963/(-21))/(1/(-3)) prime?
True
Suppose o + 3*d + 2 = -0*d, -3*o + 18 = -3*d. Let q = 673 - 377. Suppose 0 = -a + 3*a - o, q = 2*v + 5*a. Is v a prime number?
False
Suppose 4*x + 141 = 3013. Let s = -135 + x. Is s a composite number?
True
Suppose 0 = -2*h - 10*h + 35844. Is h composite?
True
Suppose 2*m - 188 = j, 2*m - 164 = -10*j + 5*j. Suppose -m = t - 303. Is t a composite number?
False
Let v = 36 + -34. Suppose -3*u + v*y + 11532 = -3515, 4*u - 4*y - 20060 = 0. Is u a prime number?
False
Suppose -w - 2895 = 3*p - 15004, -4*w = 8. Is p a prime number?
False
Suppose 5*l = -2*d + 16 - 2, -14 = -3*d - 4*l. Suppose -d*s - 4*i = -334, -5*i = 4*s - 3*s - 182. Is s prime?
True
Suppose 0 = -4*b + 3*v - 9, 2*b = 2*v + 3*v - 15. Suppose a - 2*a + 3*h + 427 = b, -4*a = -5*h - 1680. Is a composite?
True
Let w(q) = 117*q**2 + 6*q - 32. Is w(5) composite?
True
Let h(u) = 37*u**2 - 2*u + 1. Let y be h(1). Let g(w) = w**2 + 16*w + 19. Let i be g(-18). Let t = i - y. Is t a composite number?
False
Is 212774/2 - (40 - 44) composite?
False
Let t = -6 - -21. Suppose 3*h = 4*f - 76 + 21, h - 2*f = -t. Let b = 124 - h. Is b prime?
True
Suppose -125*i + 37348 = -121*i. Is i a composite number?
False
Let y = 7 + -12. Suppose -38 = 9*m + 7. Is (-234)/m + (-1)/y prime?
True
Let f = -4403 + 6792. Is f composite?
False
Is (-4)/12 + 122460/18 prime?
True
Let n = -385 - -752. Suppose 3*b - 6 - 1116 = -5*u, -4*u + n = b. Is b a prime number?
True
Suppose 370 = i - 695. Suppose 3*r + 2*o = i, -o + 1065 = 4*r - r. Is r a composite number?
True
Let y(b) = 3*b**3 + 2*b**2 + 8*b - 5. Let l = -3 - -7. Is y(l) prime?
True
Is 2 - (17/3)/(8/(-68184)) a prime number?
True
Let z(v) = 17*v**2 + 6*v + 2. Let f be (-21)/6 - 4/8. Let k be z(f). Let r = -147 + k. Is r a prime number?
True
Let a be (-1)/(-2*(-2)/24). Let z(q) = 3*q**3 - 20*q**2 + 17*q - 21. Let v(r) = -r**3 + 7*r**2 - 6*r + 7. Let b(u) = -17*v(u) - 6*z(u). Is b(a) prime?
False
Let l(x) = -13*x**3 + x**2 + 3*x - 8. Let f(h) = 13*h**3 - h**2 - 3*h + 9. Let c(d) = -4*f(d) - 5*l(d). Let s be 1*(-8)/(40/(-15)). Is c(s) a composite number?
False
Suppose 0*h = 4*r + 2*h - 2556, 5*r = -3*h + 3195. Let n = -86 + r. Is n a prime number?
False
Let m be 523*2/((-4)/(-6)). Suppose m = 5*i - 2161. Is i composite?
True
Suppose 2*d = 5*d. Let c(g) = g**3 - g**2 + g + 59. Is c(d) a prime number?
True
Suppose -2*b = -4533 - 5173. Is b a composite number?
True
Suppose 11*j - 24946 = 43771. Is j composite?
False
Is ((-2)/3)/((-6)/22617) a composite number?
True
Let s(v) = -369*v**3 + 3*v**2 - 3*v - 13. Is s(-4) a prime number?
True
Suppose -5*y + 10359 = 4*y. Is y composite?
False
Let q = 13374 - -4453. Is q prime?
True
Suppose -2*h + 1412 = -4*h. Is 1*(-3 - h) - 2 a composite number?
False
Let t(b) = 56*b**3 + 2*b**2 + 10*b - 1. Is t(10) prime?
True
Let s = -1269 - -7868. Is s a composite number?
False
Let y be ((-6)/8)/(1/4). Let h be y*2*3/(-6). Let k(d) = 28*d - 1. Is k(h) a composite number?
False
Suppose -7*n + 2*n = -5*v + 14290, 4*n = 12. Is v a prime number?
True
Let u(n) = 40835*n - 3. Is u(2) a prime number?
True
Let t(w) be the first derivative of w**4/4 - w**3/3 + w**2/2 + 3*w + 5. Let j be t(0). Suppose j*d - 213 + 39 = 0. Is d prime?
False
Suppose 5*g + 4 - 29 = 0. Is 35/14*268/g*1 prime?
False
Is (-3 - -1 - 4872)/(2 - 4) prime?
True
Let o = 3262 + -1760. Is o prime?
False
Is (-198)/27 - -8 - (-400737)/9 a prime number?
False
Suppose 8269 = 13*c - 34748. Is c a composite number?
True
Suppose 0 = j + 5*v - 306, 0 = 3*j - 4*j + v + 318. Is 1/(4/j + 0) composite?
False
Let m be -1 + (1 - (-12)/3). Suppose m*r - 39 = 7*r. Is (1 - -6)/(r/(-793)) composite?
True
Let w(o) = 272*o**2 + 7*o - 11. Is w(4) composite?
True
Let l be 4 + (-4 - 0/(-5)). Let t be l/(-1)*2/(-4). Suppose -3*o + 3*m + 222 = -660, -o - 2*m + 297 = t. Is o a composite number?
True
Suppose 5*o - 3414 = 18156. Suppose -2*k - 2*t + o = 2*t, -5*k + 10761 = -2*t. Is k a prime number?
True
Is (-2)/21 + 2564/21 composite?
True
Suppose 6*s + 2034 + 1050 = 0. Is (5 - 6)/(2/s) a prime number?
True
Suppose -3*c - 21439 = -3*b + 12401, 0 = -5*b + c + 56404. Is b a prime number?
False
Suppose 0 = -0*j - 5*j. Suppose 0 = -j*l + 5*l - 15. Suppose -v + 4*v + 2*o - 117 = 0, 0 = o - l. Is v prime?
True
Suppose 59*f - 60*f = -16753. Is f prime?
False
Let j(f) be the first derivative of 59*f**2/2 + 6*f - 11. Is j(7) prime?
True
Let t = -4 - -3. Let o be (0 + t)*(-1 + 1). Suppose -4*s = 3*i + s - 664, i - 3*s - 226 = o. Is i prime?
True
Let d = -1378 + 4085. Is d a prime number?
True
Let c = 167 + -40. Is c a prime number?
True
Let s = 25998 + 5879. Is s a prime number?
False
Let k(b) = b**3 + 5*b**2 - 12*b + 12. Let d be k(-7). Let h(j) = -585*j + 1. Is h(d) a composite number?
False
Let a = -94 - -96. Suppose -a*p - 17 + 47 = 0. Is p a prime number?
False
Let a = 6804 - 3041. Is a prime?
False
Let n = 167 - 116. Suppose -4*v - k = -4*k - 203, 0 = v - k - n. Let p = 137 - v. Is p a composite number?
True
Is 2483 - 2/(6/(-3 - -15)) prime?
False
Let u = 1264 + -1106. Is u a composite number?
True
Let b(w) = 7*w**2 - 40*w + 57. Is b(14) composite?
True
Suppose 0 = -5*v - 10, -3*v = 5*l - 0*v + 2406. Let i = -29 - l. Let d = i + -240. Is d composite?
False
Suppose 18873 + 25559 = 2*i. Suppose 3*z + 22201 = 2*t, -6*z + 8*z - i = -2*t. Is t a prime number?
False
Let j(i) = -341*i + 33. Is j(-4) a prime number?
False
Let r be 1 - 1 - 3 - -6. Let w = 7 - r. Let s(k) = 66*k + 1. Is s(w) a prime number?
False
Suppose 0 = 4*q + 2 - 22. Is ((-2)/4)/(q/(-10)) + 408 prime?
True
Suppose -j = 2*h - 1923, -6*h = 3*j - 8*h - 5801. Is j a composite number?
False
Suppose 3*p - 10 + 50 = -f, -2*p + 3*f = 45. Let x = p - -8. Let i = 17 + x. Is i a prime number?
False
Let m be (-6)/39 - 2763/39. Let c = m - -334. Suppose -3*u + c = -5*k, 0 = -u - 2*u + k + 271. Is u a composite number?
True
Let f = -1089 - -677. Let z = 2034 + f. Is z prime?
False
Let p = -77 + 215. Let d be -92 + (-4 + 3 - (-2 + -2)). Let j = p + d. Is j a prime number?
False
Let l = 36 - 21. Let q be (-13)/(8/4 + -3). Suppose -418 = -l*u + q*u. Is u composite?
True
Let a(l) = -l**2 + 6*l + 16. Let v be a(8). Is (v + -2 - -3)/((-5)/(-9115)) a composite number?
False
Suppose 3*f = 5*m + 1676, 5*m + 956 = 4*f - 1272. Suppose b - 479 = f. Is b composite?
False
Let n(u) = u + 4. Let j be n(-2). Let d(z) = 130*z - 3. Is d(j) composite?
False
Let a(f) = -6*f + 3. Let z be a(2). Let m(s) = -s**3 - 8*s**